{"id":1006,"date":"2025-10-24T13:43:56","date_gmt":"2025-10-24T10:43:56","guid":{"rendered":"https:\/\/www.buleks.com\/?page_id=1006"},"modified":"2025-10-24T14:36:12","modified_gmt":"2025-10-24T11:36:12","slug":"sinema-ve-dizi-sektoru","status":"publish","type":"page","link":"https:\/\/www.buleks.com\/?page_id=1006","title":{"rendered":"S\u0130NEMA"},"content":{"rendered":"\n<div class=\"wp-block-media-text is-stacked-on-mobile\" style=\"grid-template-columns:33% auto\"><figure class=\"wp-block-media-text__media\"><img loading=\"lazy\" decoding=\"async\" width=\"1024\" height=\"683\" src=\"https:\/\/www.buleks.com\/wp-content\/uploads\/2025\/10\/www.bufilm.com_-1024x683.png\" alt=\"\" class=\"wp-image-1011 size-full\" srcset=\"https:\/\/www.buleks.com\/wp-content\/uploads\/2025\/10\/www.bufilm.com_-1024x683.png 1024w, https:\/\/www.buleks.com\/wp-content\/uploads\/2025\/10\/www.bufilm.com_-300x200.png 300w, https:\/\/www.buleks.com\/wp-content\/uploads\/2025\/10\/www.bufilm.com_-768x512.png 768w, https:\/\/www.buleks.com\/wp-content\/uploads\/2025\/10\/www.bufilm.com_.png 1536w\" sizes=\"auto, (max-width: 1024px) 100vw, 1024px\" \/><\/figure><div class=\"wp-block-media-text__content\">\n<p class=\"has-small-font-size\"><strong>BU F\u0130LM FARKLI H\u0130KAYELER\u0130 SENARYOLA\u015eTIRARAK EN \u0130Y\u0130 \u015eEK\u0130LDE \u0130ZLEY\u0130C\u0130YE SUNMAYI HEDEFLEY\u0130P 2025 YILINDA BULEKS DI\u015e T\u0130CARET VE PAZARLAMA L\u0130M\u0130TED \u015e\u0130RKET\u0130 B\u00dcNYES\u0130NDE FAL\u0130YETLER\u0130NE BA\u015eLAMI\u015eTIR.BU F\u0130LM OLARAK DA\u0130MA S\u0130Z DE\u011eERL\u0130 \u0130ZL\u0130Y\u0130C\u0130LER\u0130M\u0130ZE EN \u0130Y\u0130 SEY\u0130R ZEVK\u0130 TATTIRMAK \u0130\u00c7\u0130N B\u00dcT\u00dcN G\u00dcC\u00dcM\u00dcZLE \u00c7ALI\u015eIYORUZ\u2026<\/strong><\/p>\n<\/div><\/div>\n\n\n\n<p><\/p>\n\n\n\n<p class=\"has-text-align-center has-medium-font-size\"><strong>DETAYLI B\u0130LG\u0130YE A\u015eA\u011eIDAK\u0130 LOGAYA TIKLAYARAK ULA\u015eAB\u0130L\u0130RS\u0130N\u0130Z&#8230;<\/strong><\/p>\n\n\n<div class=\"wp-block-image\">\n<figure class=\"aligncenter size-large is-resized\"><a href=\"https:\/\/www.bufilm.com\" target=\"_blank\" rel=\" noreferrer noopener\"><img loading=\"lazy\" decoding=\"async\" width=\"1024\" height=\"683\" src=\"https:\/\/www.buleks.com\/wp-content\/uploads\/2025\/10\/BUFILM-ICON-4-1024x683.png\" alt=\"\" class=\"wp-image-1026\" style=\"width:313px;height:auto\" srcset=\"https:\/\/www.buleks.com\/wp-content\/uploads\/2025\/10\/BUFILM-ICON-4-1024x683.png 1024w, https:\/\/www.buleks.com\/wp-content\/uploads\/2025\/10\/BUFILM-ICON-4-300x200.png 300w, https:\/\/www.buleks.com\/wp-content\/uploads\/2025\/10\/BUFILM-ICON-4-768x512.png 768w, https:\/\/www.buleks.com\/wp-content\/uploads\/2025\/10\/BUFILM-ICON-4.png 1248w\" sizes=\"auto, (max-width: 1024px) 100vw, 1024px\" \/><\/a><\/figure>\n<\/div>","protected":false},"excerpt":{"rendered":"<p>BU F\u0130LM FARKLI H\u0130KAYELER\u0130 SENARYOLA\u015eTIRARAK EN \u0130Y\u0130 \u015eEK\u0130LDE \u0130ZLEY\u0130C\u0130YE SUNMAYI HEDEFLEY\u0130P 2025 YILINDA BULEKS DI\u015e T\u0130CARET VE PAZARLAMA L\u0130M\u0130TED \u015e\u0130RKET\u0130 B\u00dcNYES\u0130NDE FAL\u0130YETLER\u0130NE BA\u015eLAMI\u015eTIR.BU F\u0130LM OLARAK DA\u0130MA S\u0130Z DE\u011eERL\u0130 \u0130ZL\u0130Y\u0130C\u0130LER\u0130M\u0130ZE EN \u0130Y\u0130 SEY\u0130R ZEVK\u0130 TATTIRMAK \u0130\u00c7\u0130N B\u00dcT\u00dcN G\u00dcC\u00dcM\u00dcZLE \u00c7ALI\u015eIYORUZ\u2026 DETAYLI B\u0130LG\u0130YE A\u015eA\u011eIDAK\u0130 LOGAYA TIKLAYARAK ULA\u015eAB\u0130L\u0130RS\u0130N\u0130Z&#8230;<\/p>\n","protected":false},"author":1,"featured_media":0,"parent":0,"menu_order":0,"comment_status":"closed","ping_status":"closed","template":"","meta":{"footnotes":""},"class_list":["post-1006","page","type-page","status-publish","hentry"],"yoast_head":"<!-- This site is optimized with the Yoast SEO plugin v27.6 - https:\/\/yoast.com\/product\/yoast-seo-wordpress\/ -->\n<title>S\u0130NEMA - BULEKS<\/title>\n<meta name=\"robots\" content=\"index, follow, max-snippet:-1, max-image-preview:large, max-video-preview:-1\" \/>\n<link rel=\"canonical\" href=\"https:\/\/www.buleks.com\/?page_id=1006\" \/>\n<meta property=\"og:locale\" content=\"tr_TR\" \/>\n<meta property=\"og:type\" content=\"article\" \/>\n<meta property=\"og:title\" content=\"S\u0130NEMA - BULEKS\" \/>\n<meta property=\"og:description\" content=\"BU F\u0130LM FARKLI H\u0130KAYELER\u0130 SENARYOLA\u015eTIRARAK EN \u0130Y\u0130 \u015eEK\u0130LDE \u0130ZLEY\u0130C\u0130YE SUNMAYI HEDEFLEY\u0130P 2025 YILINDA BULEKS DI\u015e T\u0130CARET VE PAZARLAMA L\u0130M\u0130TED \u015e\u0130RKET\u0130 B\u00dcNYES\u0130NDE FAL\u0130YETLER\u0130NE BA\u015eLAMI\u015eTIR.BU F\u0130LM OLARAK DA\u0130MA S\u0130Z DE\u011eERL\u0130 \u0130ZL\u0130Y\u0130C\u0130LER\u0130M\u0130ZE EN \u0130Y\u0130 SEY\u0130R ZEVK\u0130 TATTIRMAK \u0130\u00c7\u0130N B\u00dcT\u00dcN G\u00dcC\u00dcM\u00dcZLE \u00c7ALI\u015eIYORUZ\u2026 DETAYLI B\u0130LG\u0130YE A\u015eA\u011eIDAK\u0130 LOGAYA TIKLAYARAK ULA\u015eAB\u0130L\u0130RS\u0130N\u0130Z&#8230;\" \/>\n<meta property=\"og:url\" content=\"https:\/\/www.buleks.com\/?page_id=1006\" \/>\n<meta property=\"og:site_name\" content=\"BULEKS\" \/>\n<meta property=\"article:modified_time\" content=\"2025-10-24T11:36:12+00:00\" \/>\n<meta property=\"og:image\" content=\"https:\/\/www.buleks.com\/wp-content\/uploads\/2025\/10\/www.bufilm.com_-1024x683.png\" \/>\n\t<meta property=\"og:image:width\" content=\"1024\" \/>\n\t<meta property=\"og:image:height\" content=\"683\" \/>\n\t<meta property=\"og:image:type\" content=\"image\/png\" \/>\n<meta name=\"twitter:card\" content=\"summary_large_image\" \/>\n<meta name=\"twitter:label1\" content=\"Tahmini okuma s\u00fcresi\" \/>\n\t<meta name=\"twitter:data1\" content=\"1 dakika\" \/>\n<script type=\"application\/ld+json\" class=\"yoast-schema-graph\">{\"@context\":\"https:\\\/\\\/schema.org\",\"@graph\":[{\"@type\":\"WebPage\",\"@id\":\"https:\\\/\\\/www.buleks.com\\\/?page_id=1006\",\"url\":\"https:\\\/\\\/www.buleks.com\\\/?page_id=1006\",\"name\":\"S\u0130NEMA - BULEKS\",\"isPartOf\":{\"@id\":\"https:\\\/\\\/www.buleks.com\\\/#website\"},\"primaryImageOfPage\":{\"@id\":\"https:\\\/\\\/www.buleks.com\\\/?page_id=1006#primaryimage\"},\"image\":{\"@id\":\"https:\\\/\\\/www.buleks.com\\\/?page_id=1006#primaryimage\"},\"thumbnailUrl\":\"https:\\\/\\\/www.buleks.com\\\/wp-content\\\/uploads\\\/2025\\\/10\\\/www.bufilm.com_-1024x683.png\",\"datePublished\":\"2025-10-24T10:43:56+00:00\",\"dateModified\":\"2025-10-24T11:36:12+00:00\",\"breadcrumb\":{\"@id\":\"https:\\\/\\\/www.buleks.com\\\/?page_id=1006#breadcrumb\"},\"inLanguage\":\"tr\",\"potentialAction\":[{\"@type\":\"ReadAction\",\"target\":[\"https:\\\/\\\/www.buleks.com\\\/?page_id=1006\"]}]},{\"@type\":\"ImageObject\",\"inLanguage\":\"tr\",\"@id\":\"https:\\\/\\\/www.buleks.com\\\/?page_id=1006#primaryimage\",\"url\":\"https:\\\/\\\/www.buleks.com\\\/wp-content\\\/uploads\\\/2025\\\/10\\\/www.bufilm.com_.png\",\"contentUrl\":\"https:\\\/\\\/www.buleks.com\\\/wp-content\\\/uploads\\\/2025\\\/10\\\/www.bufilm.com_.png\",\"width\":1536,\"height\":1024},{\"@type\":\"BreadcrumbList\",\"@id\":\"https:\\\/\\\/www.buleks.com\\\/?page_id=1006#breadcrumb\",\"itemListElement\":[{\"@type\":\"ListItem\",\"position\":1,\"name\":\"Anasayfa\",\"item\":\"https:\\\/\\\/www.buleks.com\\\/\"},{\"@type\":\"ListItem\",\"position\":2,\"name\":\"S\u0130NEMA\"}]},{\"@type\":\"WebSite\",\"@id\":\"https:\\\/\\\/www.buleks.com\\\/#website\",\"url\":\"https:\\\/\\\/www.buleks.com\\\/\",\"name\":\"BULEKS\",\"description\":\"\",\"publisher\":{\"@id\":\"https:\\\/\\\/www.buleks.com\\\/#organization\"},\"potentialAction\":[{\"@type\":\"SearchAction\",\"target\":{\"@type\":\"EntryPoint\",\"urlTemplate\":\"https:\\\/\\\/www.buleks.com\\\/?s={search_term_string}\"},\"query-input\":{\"@type\":\"PropertyValueSpecification\",\"valueRequired\":true,\"valueName\":\"search_term_string\"}}],\"inLanguage\":\"tr\"},{\"@type\":\"Organization\",\"@id\":\"https:\\\/\\\/www.buleks.com\\\/#organization\",\"name\":\"BULEKS\",\"url\":\"https:\\\/\\\/www.buleks.com\\\/\",\"logo\":{\"@type\":\"ImageObject\",\"inLanguage\":\"tr\",\"@id\":\"https:\\\/\\\/www.buleks.com\\\/#\\\/schema\\\/logo\\\/image\\\/\",\"url\":\"https:\\\/\\\/www.buleks.com\\\/wp-content\\\/uploads\\\/2022\\\/11\\\/cropped-Buleks-Imza-Golge.png\",\"contentUrl\":\"https:\\\/\\\/www.buleks.com\\\/wp-content\\\/uploads\\\/2022\\\/11\\\/cropped-Buleks-Imza-Golge.png\",\"width\":153,\"height\":113,\"caption\":\"BULEKS\"},\"image\":{\"@id\":\"https:\\\/\\\/www.buleks.com\\\/#\\\/schema\\\/logo\\\/image\\\/\"}}]}<\/script>\n<!-- \/ Yoast SEO plugin. -->","yoast_head_json":{"title":"S\u0130NEMA - BULEKS","robots":{"index":"index","follow":"follow","max-snippet":"max-snippet:-1","max-image-preview":"max-image-preview:large","max-video-preview":"max-video-preview:-1"},"canonical":"https:\/\/www.buleks.com\/?page_id=1006","og_locale":"tr_TR","og_type":"article","og_title":"S\u0130NEMA - BULEKS","og_description":"BU F\u0130LM FARKLI H\u0130KAYELER\u0130 SENARYOLA\u015eTIRARAK EN \u0130Y\u0130 \u015eEK\u0130LDE \u0130ZLEY\u0130C\u0130YE SUNMAYI HEDEFLEY\u0130P 2025 YILINDA BULEKS DI\u015e T\u0130CARET VE PAZARLAMA L\u0130M\u0130TED \u015e\u0130RKET\u0130 B\u00dcNYES\u0130NDE FAL\u0130YETLER\u0130NE BA\u015eLAMI\u015eTIR.BU F\u0130LM OLARAK DA\u0130MA S\u0130Z DE\u011eERL\u0130 \u0130ZL\u0130Y\u0130C\u0130LER\u0130M\u0130ZE EN \u0130Y\u0130 SEY\u0130R ZEVK\u0130 TATTIRMAK \u0130\u00c7\u0130N B\u00dcT\u00dcN G\u00dcC\u00dcM\u00dcZLE \u00c7ALI\u015eIYORUZ\u2026 DETAYLI B\u0130LG\u0130YE A\u015eA\u011eIDAK\u0130 LOGAYA TIKLAYARAK ULA\u015eAB\u0130L\u0130RS\u0130N\u0130Z&#8230;","og_url":"https:\/\/www.buleks.com\/?page_id=1006","og_site_name":"BULEKS","article_modified_time":"2025-10-24T11:36:12+00:00","og_image":[{"width":1024,"height":683,"url":"https:\/\/www.buleks.com\/wp-content\/uploads\/2025\/10\/www.bufilm.com_-1024x683.png","type":"image\/png"}],"twitter_card":"summary_large_image","twitter_misc":{"Tahmini okuma s\u00fcresi":"1 dakika"},"schema":{"@context":"https:\/\/schema.org","@graph":[{"@type":"WebPage","@id":"https:\/\/www.buleks.com\/?page_id=1006","url":"https:\/\/www.buleks.com\/?page_id=1006","name":"S\u0130NEMA - BULEKS","isPartOf":{"@id":"https:\/\/www.buleks.com\/#website"},"primaryImageOfPage":{"@id":"https:\/\/www.buleks.com\/?page_id=1006#primaryimage"},"image":{"@id":"https:\/\/www.buleks.com\/?page_id=1006#primaryimage"},"thumbnailUrl":"https:\/\/www.buleks.com\/wp-content\/uploads\/2025\/10\/www.bufilm.com_-1024x683.png","datePublished":"2025-10-24T10:43:56+00:00","dateModified":"2025-10-24T11:36:12+00:00","breadcrumb":{"@id":"https:\/\/www.buleks.com\/?page_id=1006#breadcrumb"},"inLanguage":"tr","potentialAction":[{"@type":"ReadAction","target":["https:\/\/www.buleks.com\/?page_id=1006"]}]},{"@type":"ImageObject","inLanguage":"tr","@id":"https:\/\/www.buleks.com\/?page_id=1006#primaryimage","url":"https:\/\/www.buleks.com\/wp-content\/uploads\/2025\/10\/www.bufilm.com_.png","contentUrl":"https:\/\/www.buleks.com\/wp-content\/uploads\/2025\/10\/www.bufilm.com_.png","width":1536,"height":1024},{"@type":"BreadcrumbList","@id":"https:\/\/www.buleks.com\/?page_id=1006#breadcrumb","itemListElement":[{"@type":"ListItem","position":1,"name":"Anasayfa","item":"https:\/\/www.buleks.com\/"},{"@type":"ListItem","position":2,"name":"S\u0130NEMA"}]},{"@type":"WebSite","@id":"https:\/\/www.buleks.com\/#website","url":"https:\/\/www.buleks.com\/","name":"BULEKS","description":"","publisher":{"@id":"https:\/\/www.buleks.com\/#organization"},"potentialAction":[{"@type":"SearchAction","target":{"@type":"EntryPoint","urlTemplate":"https:\/\/www.buleks.com\/?s={search_term_string}"},"query-input":{"@type":"PropertyValueSpecification","valueRequired":true,"valueName":"search_term_string"}}],"inLanguage":"tr"},{"@type":"Organization","@id":"https:\/\/www.buleks.com\/#organization","name":"BULEKS","url":"https:\/\/www.buleks.com\/","logo":{"@type":"ImageObject","inLanguage":"tr","@id":"https:\/\/www.buleks.com\/#\/schema\/logo\/image\/","url":"https:\/\/www.buleks.com\/wp-content\/uploads\/2022\/11\/cropped-Buleks-Imza-Golge.png","contentUrl":"https:\/\/www.buleks.com\/wp-content\/uploads\/2022\/11\/cropped-Buleks-Imza-Golge.png","width":153,"height":113,"caption":"BULEKS"},"image":{"@id":"https:\/\/www.buleks.com\/#\/schema\/logo\/image\/"}}]}},"_links":{"self":[{"href":"https:\/\/www.buleks.com\/index.php?rest_route=\/wp\/v2\/pages\/1006","targetHints":{"allow":["GET"]}}],"collection":[{"href":"https:\/\/www.buleks.com\/index.php?rest_route=\/wp\/v2\/pages"}],"about":[{"href":"https:\/\/www.buleks.com\/index.php?rest_route=\/wp\/v2\/types\/page"}],"author":[{"embeddable":true,"href":"https:\/\/www.buleks.com\/index.php?rest_route=\/wp\/v2\/users\/1"}],"replies":[{"embeddable":true,"href":"https:\/\/www.buleks.com\/index.php?rest_route=%2Fwp%2Fv2%2Fcomments&post=1006"}],"version-history":[{"count":18,"href":"https:\/\/www.buleks.com\/index.php?rest_route=\/wp\/v2\/pages\/1006\/revisions"}],"predecessor-version":[{"id":1067,"href":"https:\/\/www.buleks.com\/index.php?rest_route=\/wp\/v2\/pages\/1006\/revisions\/1067"}],"wp:attachment":[{"href":"https:\/\/www.buleks.com\/index.php?rest_route=%2Fwp%2Fv2%2Fmedia&parent=1006"}],"curies":[{"name":"wp","href":"https:\/\/api.w.org\/{rel}","templated":true}]}}