{"id":663,"date":"2022-11-25T20:53:12","date_gmt":"2022-11-25T17:53:12","guid":{"rendered":"https:\/\/www.buleks.com\/?page_id=663"},"modified":"2025-10-24T14:32:17","modified_gmt":"2025-10-24T11:32:17","slug":"gida-geri-donusum","status":"publish","type":"page","link":"https:\/\/www.buleks.com\/?page_id=663","title":{"rendered":"GIDA GER\u0130 D\u00d6N\u00dc\u015e\u00dcM\u00dc"},"content":{"rendered":"\n<div class=\"wp-block-group\"><div class=\"wp-block-group__inner-container is-layout-constrained wp-block-group-is-layout-constrained\"><\/div><\/div>\n\n\n\n<div class=\"wp-block-media-text alignwide is-stacked-on-mobile\" style=\"grid-template-columns:17% auto\"><figure class=\"wp-block-media-text__media\"><img loading=\"lazy\" decoding=\"async\" width=\"330\" height=\"330\" src=\"https:\/\/www.buleks.com\/wp-content\/uploads\/2022\/11\/sifiratik.jpg\" alt=\"\" class=\"wp-image-672 size-full\" srcset=\"https:\/\/www.buleks.com\/wp-content\/uploads\/2022\/11\/sifiratik.jpg 330w, https:\/\/www.buleks.com\/wp-content\/uploads\/2022\/11\/sifiratik-300x300.jpg 300w, https:\/\/www.buleks.com\/wp-content\/uploads\/2022\/11\/sifiratik-150x150.jpg 150w\" sizes=\"auto, (max-width: 330px) 100vw, 330px\" \/><\/figure><div class=\"wp-block-media-text__content\">\n<p class=\"has-small-font-size\"><strong>T\u00fcrkiyedeki ve D\u00fcnyadaki g\u0131da firmalar\u0131n\u0131n de\u011ferlendiremedikleri \u00fcr\u00fcnleri alarak b\u00fcy\u00fckba\u015f hayvan yemi katk\u0131 maddesine d\u00f6n\u00fc\u015ft\u00fcrerek ekonomiye geri kazand\u0131r\u0131yor ve israf\u0131 \u00f6nl\u00fcyoruz. Hem firmalar hem de \u00fclke ekonomisi kazan\u0131yor.<\/strong><\/p>\n<\/div><\/div>\n","protected":false},"excerpt":{"rendered":"<p>T\u00fcrkiyedeki ve D\u00fcnyadaki g\u0131da firmalar\u0131n\u0131n de\u011ferlendiremedikleri \u00fcr\u00fcnleri alarak b\u00fcy\u00fckba\u015f hayvan yemi katk\u0131 maddesine d\u00f6n\u00fc\u015ft\u00fcrerek ekonomiye geri kazand\u0131r\u0131yor ve israf\u0131 \u00f6nl\u00fcyoruz. Hem firmalar hem de \u00fclke ekonomisi kazan\u0131yor.<\/p>\n","protected":false},"author":1,"featured_media":0,"parent":0,"menu_order":0,"comment_status":"closed","ping_status":"closed","template":"page-templates\/page-full-width.php","meta":{"footnotes":""},"class_list":["post-663","page","type-page","status-publish","hentry"],"yoast_head":"<!-- This site is optimized with the Yoast SEO plugin v27.6 - https:\/\/yoast.com\/product\/yoast-seo-wordpress\/ -->\n<title>GIDA GER\u0130 D\u00d6N\u00dc\u015e\u00dcM\u00dc - BULEKS<\/title>\n<meta name=\"robots\" content=\"index, follow, max-snippet:-1, max-image-preview:large, max-video-preview:-1\" \/>\n<link rel=\"canonical\" href=\"https:\/\/www.buleks.com\/?page_id=663\" \/>\n<meta property=\"og:locale\" content=\"tr_TR\" \/>\n<meta property=\"og:type\" content=\"article\" \/>\n<meta property=\"og:title\" content=\"GIDA GER\u0130 D\u00d6N\u00dc\u015e\u00dcM\u00dc - BULEKS\" \/>\n<meta property=\"og:description\" content=\"T\u00fcrkiyedeki ve D\u00fcnyadaki g\u0131da firmalar\u0131n\u0131n de\u011ferlendiremedikleri \u00fcr\u00fcnleri alarak b\u00fcy\u00fckba\u015f hayvan yemi katk\u0131 maddesine d\u00f6n\u00fc\u015ft\u00fcrerek ekonomiye geri kazand\u0131r\u0131yor ve israf\u0131 \u00f6nl\u00fcyoruz. Hem firmalar hem de \u00fclke ekonomisi kazan\u0131yor.\" \/>\n<meta property=\"og:url\" content=\"https:\/\/www.buleks.com\/?page_id=663\" \/>\n<meta property=\"og:site_name\" content=\"BULEKS\" \/>\n<meta property=\"article:modified_time\" content=\"2025-10-24T11:32:17+00:00\" \/>\n<meta property=\"og:image\" content=\"https:\/\/www.buleks.com\/wp-content\/uploads\/2022\/11\/sifiratik.jpg\" \/>\n\t<meta property=\"og:image:width\" content=\"330\" \/>\n\t<meta property=\"og:image:height\" content=\"330\" \/>\n\t<meta property=\"og:image:type\" content=\"image\/jpeg\" \/>\n<meta name=\"twitter:card\" content=\"summary_large_image\" \/>\n<meta name=\"twitter:label1\" content=\"Tahmini okuma s\u00fcresi\" \/>\n\t<meta name=\"twitter:data1\" content=\"1 dakika\" \/>\n<script type=\"application\/ld+json\" class=\"yoast-schema-graph\">{\"@context\":\"https:\\\/\\\/schema.org\",\"@graph\":[{\"@type\":\"WebPage\",\"@id\":\"https:\\\/\\\/www.buleks.com\\\/?page_id=663\",\"url\":\"https:\\\/\\\/www.buleks.com\\\/?page_id=663\",\"name\":\"GIDA GER\u0130 D\u00d6N\u00dc\u015e\u00dcM\u00dc - BULEKS\",\"isPartOf\":{\"@id\":\"https:\\\/\\\/www.buleks.com\\\/#website\"},\"primaryImageOfPage\":{\"@id\":\"https:\\\/\\\/www.buleks.com\\\/?page_id=663#primaryimage\"},\"image\":{\"@id\":\"https:\\\/\\\/www.buleks.com\\\/?page_id=663#primaryimage\"},\"thumbnailUrl\":\"https:\\\/\\\/www.buleks.com\\\/wp-content\\\/uploads\\\/2022\\\/11\\\/sifiratik.jpg\",\"datePublished\":\"2022-11-25T17:53:12+00:00\",\"dateModified\":\"2025-10-24T11:32:17+00:00\",\"breadcrumb\":{\"@id\":\"https:\\\/\\\/www.buleks.com\\\/?page_id=663#breadcrumb\"},\"inLanguage\":\"tr\",\"potentialAction\":[{\"@type\":\"ReadAction\",\"target\":[\"https:\\\/\\\/www.buleks.com\\\/?page_id=663\"]}]},{\"@type\":\"ImageObject\",\"inLanguage\":\"tr\",\"@id\":\"https:\\\/\\\/www.buleks.com\\\/?page_id=663#primaryimage\",\"url\":\"https:\\\/\\\/www.buleks.com\\\/wp-content\\\/uploads\\\/2022\\\/11\\\/sifiratik.jpg\",\"contentUrl\":\"https:\\\/\\\/www.buleks.com\\\/wp-content\\\/uploads\\\/2022\\\/11\\\/sifiratik.jpg\",\"width\":330,\"height\":330},{\"@type\":\"BreadcrumbList\",\"@id\":\"https:\\\/\\\/www.buleks.com\\\/?page_id=663#breadcrumb\",\"itemListElement\":[{\"@type\":\"ListItem\",\"position\":1,\"name\":\"Anasayfa\",\"item\":\"https:\\\/\\\/www.buleks.com\\\/\"},{\"@type\":\"ListItem\",\"position\":2,\"name\":\"GIDA GER\u0130 D\u00d6N\u00dc\u015e\u00dcM\u00dc\"}]},{\"@type\":\"WebSite\",\"@id\":\"https:\\\/\\\/www.buleks.com\\\/#website\",\"url\":\"https:\\\/\\\/www.buleks.com\\\/\",\"name\":\"BULEKS\",\"description\":\"\",\"publisher\":{\"@id\":\"https:\\\/\\\/www.buleks.com\\\/#organization\"},\"potentialAction\":[{\"@type\":\"SearchAction\",\"target\":{\"@type\":\"EntryPoint\",\"urlTemplate\":\"https:\\\/\\\/www.buleks.com\\\/?s={search_term_string}\"},\"query-input\":{\"@type\":\"PropertyValueSpecification\",\"valueRequired\":true,\"valueName\":\"search_term_string\"}}],\"inLanguage\":\"tr\"},{\"@type\":\"Organization\",\"@id\":\"https:\\\/\\\/www.buleks.com\\\/#organization\",\"name\":\"BULEKS\",\"url\":\"https:\\\/\\\/www.buleks.com\\\/\",\"logo\":{\"@type\":\"ImageObject\",\"inLanguage\":\"tr\",\"@id\":\"https:\\\/\\\/www.buleks.com\\\/#\\\/schema\\\/logo\\\/image\\\/\",\"url\":\"https:\\\/\\\/www.buleks.com\\\/wp-content\\\/uploads\\\/2022\\\/11\\\/cropped-Buleks-Imza-Golge.png\",\"contentUrl\":\"https:\\\/\\\/www.buleks.com\\\/wp-content\\\/uploads\\\/2022\\\/11\\\/cropped-Buleks-Imza-Golge.png\",\"width\":153,\"height\":113,\"caption\":\"BULEKS\"},\"image\":{\"@id\":\"https:\\\/\\\/www.buleks.com\\\/#\\\/schema\\\/logo\\\/image\\\/\"}}]}<\/script>\n<!-- \/ Yoast SEO plugin. -->","yoast_head_json":{"title":"GIDA GER\u0130 D\u00d6N\u00dc\u015e\u00dcM\u00dc - BULEKS","robots":{"index":"index","follow":"follow","max-snippet":"max-snippet:-1","max-image-preview":"max-image-preview:large","max-video-preview":"max-video-preview:-1"},"canonical":"https:\/\/www.buleks.com\/?page_id=663","og_locale":"tr_TR","og_type":"article","og_title":"GIDA GER\u0130 D\u00d6N\u00dc\u015e\u00dcM\u00dc - BULEKS","og_description":"T\u00fcrkiyedeki ve D\u00fcnyadaki g\u0131da firmalar\u0131n\u0131n de\u011ferlendiremedikleri \u00fcr\u00fcnleri alarak b\u00fcy\u00fckba\u015f hayvan yemi katk\u0131 maddesine d\u00f6n\u00fc\u015ft\u00fcrerek ekonomiye geri kazand\u0131r\u0131yor ve israf\u0131 \u00f6nl\u00fcyoruz. Hem firmalar hem de \u00fclke ekonomisi kazan\u0131yor.","og_url":"https:\/\/www.buleks.com\/?page_id=663","og_site_name":"BULEKS","article_modified_time":"2025-10-24T11:32:17+00:00","og_image":[{"width":330,"height":330,"url":"https:\/\/www.buleks.com\/wp-content\/uploads\/2022\/11\/sifiratik.jpg","type":"image\/jpeg"}],"twitter_card":"summary_large_image","twitter_misc":{"Tahmini okuma s\u00fcresi":"1 dakika"},"schema":{"@context":"https:\/\/schema.org","@graph":[{"@type":"WebPage","@id":"https:\/\/www.buleks.com\/?page_id=663","url":"https:\/\/www.buleks.com\/?page_id=663","name":"GIDA GER\u0130 D\u00d6N\u00dc\u015e\u00dcM\u00dc - BULEKS","isPartOf":{"@id":"https:\/\/www.buleks.com\/#website"},"primaryImageOfPage":{"@id":"https:\/\/www.buleks.com\/?page_id=663#primaryimage"},"image":{"@id":"https:\/\/www.buleks.com\/?page_id=663#primaryimage"},"thumbnailUrl":"https:\/\/www.buleks.com\/wp-content\/uploads\/2022\/11\/sifiratik.jpg","datePublished":"2022-11-25T17:53:12+00:00","dateModified":"2025-10-24T11:32:17+00:00","breadcrumb":{"@id":"https:\/\/www.buleks.com\/?page_id=663#breadcrumb"},"inLanguage":"tr","potentialAction":[{"@type":"ReadAction","target":["https:\/\/www.buleks.com\/?page_id=663"]}]},{"@type":"ImageObject","inLanguage":"tr","@id":"https:\/\/www.buleks.com\/?page_id=663#primaryimage","url":"https:\/\/www.buleks.com\/wp-content\/uploads\/2022\/11\/sifiratik.jpg","contentUrl":"https:\/\/www.buleks.com\/wp-content\/uploads\/2022\/11\/sifiratik.jpg","width":330,"height":330},{"@type":"BreadcrumbList","@id":"https:\/\/www.buleks.com\/?page_id=663#breadcrumb","itemListElement":[{"@type":"ListItem","position":1,"name":"Anasayfa","item":"https:\/\/www.buleks.com\/"},{"@type":"ListItem","position":2,"name":"GIDA GER\u0130 D\u00d6N\u00dc\u015e\u00dcM\u00dc"}]},{"@type":"WebSite","@id":"https:\/\/www.buleks.com\/#website","url":"https:\/\/www.buleks.com\/","name":"BULEKS","description":"","publisher":{"@id":"https:\/\/www.buleks.com\/#organization"},"potentialAction":[{"@type":"SearchAction","target":{"@type":"EntryPoint","urlTemplate":"https:\/\/www.buleks.com\/?s={search_term_string}"},"query-input":{"@type":"PropertyValueSpecification","valueRequired":true,"valueName":"search_term_string"}}],"inLanguage":"tr"},{"@type":"Organization","@id":"https:\/\/www.buleks.com\/#organization","name":"BULEKS","url":"https:\/\/www.buleks.com\/","logo":{"@type":"ImageObject","inLanguage":"tr","@id":"https:\/\/www.buleks.com\/#\/schema\/logo\/image\/","url":"https:\/\/www.buleks.com\/wp-content\/uploads\/2022\/11\/cropped-Buleks-Imza-Golge.png","contentUrl":"https:\/\/www.buleks.com\/wp-content\/uploads\/2022\/11\/cropped-Buleks-Imza-Golge.png","width":153,"height":113,"caption":"BULEKS"},"image":{"@id":"https:\/\/www.buleks.com\/#\/schema\/logo\/image\/"}}]}},"_links":{"self":[{"href":"https:\/\/www.buleks.com\/index.php?rest_route=\/wp\/v2\/pages\/663","targetHints":{"allow":["GET"]}}],"collection":[{"href":"https:\/\/www.buleks.com\/index.php?rest_route=\/wp\/v2\/pages"}],"about":[{"href":"https:\/\/www.buleks.com\/index.php?rest_route=\/wp\/v2\/types\/page"}],"author":[{"embeddable":true,"href":"https:\/\/www.buleks.com\/index.php?rest_route=\/wp\/v2\/users\/1"}],"replies":[{"embeddable":true,"href":"https:\/\/www.buleks.com\/index.php?rest_route=%2Fwp%2Fv2%2Fcomments&post=663"}],"version-history":[{"count":8,"href":"https:\/\/www.buleks.com\/index.php?rest_route=\/wp\/v2\/pages\/663\/revisions"}],"predecessor-version":[{"id":1062,"href":"https:\/\/www.buleks.com\/index.php?rest_route=\/wp\/v2\/pages\/663\/revisions\/1062"}],"wp:attachment":[{"href":"https:\/\/www.buleks.com\/index.php?rest_route=%2Fwp%2Fv2%2Fmedia&parent=663"}],"curies":[{"name":"wp","href":"https:\/\/api.w.org\/{rel}","templated":true}]}}